{"id":94,"date":"2019-11-12T15:32:34","date_gmt":"2019-11-12T15:32:34","guid":{"rendered":"https:\/\/maisonlome.com\/?page_id=94"},"modified":"2020-11-30T00:34:19","modified_gmt":"2020-11-30T00:34:19","slug":"salon-etage","status":"publish","type":"page","link":"https:\/\/maisonlome.com\/index.php\/salon-etage\/","title":{"rendered":"Vue d&#8217;ensemble de l&#8217;\u00e9tage"},"content":{"rendered":"<p><em>L&#8217;\u00e9tage se compose de chambres<\/em><i><br \/>\n<\/i><\/p>\n<p><img loading=\"lazy\" decoding=\"async\" class=\"alignnone size-medium wp-image-150\" src=\"https:\/\/maisonlome.com\/wp-content\/uploads\/2020\/11\/Etage-Vue-generale-chambres-300x200.jpeg\" alt=\"\" width=\"300\" height=\"200\" srcset=\"https:\/\/maisonlome.com\/wp-content\/uploads\/2020\/11\/Etage-Vue-generale-chambres-300x200.jpeg 300w, https:\/\/maisonlome.com\/wp-content\/uploads\/2020\/11\/Etage-Vue-generale-chambres-768x512.jpeg 768w, https:\/\/maisonlome.com\/wp-content\/uploads\/2020\/11\/Etage-Vue-generale-chambres.jpeg 1024w\" sizes=\"auto, (max-width: 300px) 100vw, 300px\" \/><\/p>\n<p><em>avec toilette et douche int\u00e9rieures<br \/>\n<\/em><\/p>\n<p><img loading=\"lazy\" decoding=\"async\" class=\"alignnone size-medium wp-image-155\" src=\"https:\/\/maisonlome.com\/wp-content\/uploads\/2020\/11\/Etage-Salle-de-bain-300x200.jpeg\" alt=\"\" width=\"300\" height=\"200\" srcset=\"https:\/\/maisonlome.com\/wp-content\/uploads\/2020\/11\/Etage-Salle-de-bain-300x200.jpeg 300w, https:\/\/maisonlome.com\/wp-content\/uploads\/2020\/11\/Etage-Salle-de-bain-768x512.jpeg 768w, https:\/\/maisonlome.com\/wp-content\/uploads\/2020\/11\/Etage-Salle-de-bain.jpeg 1024w\" sizes=\"auto, (max-width: 300px) 100vw, 300px\" \/><\/p>\n<p><em>et ext\u00e9rieures (toilettes et douches modernes)<br \/>\n<\/em><\/p>\n<p><img loading=\"lazy\" decoding=\"async\" class=\"alignnone size-medium wp-image-156\" src=\"https:\/\/maisonlome.com\/wp-content\/uploads\/2020\/11\/Etage-2-Toilettes-et-2-douches-modernes-externes-1-300x200.jpg\" alt=\"\" width=\"300\" height=\"200\" srcset=\"https:\/\/maisonlome.com\/wp-content\/uploads\/2020\/11\/Etage-2-Toilettes-et-2-douches-modernes-externes-1-300x200.jpg 300w, https:\/\/maisonlome.com\/wp-content\/uploads\/2020\/11\/Etage-2-Toilettes-et-2-douches-modernes-externes-1-1024x683.jpg 1024w, https:\/\/maisonlome.com\/wp-content\/uploads\/2020\/11\/Etage-2-Toilettes-et-2-douches-modernes-externes-1-768x512.jpg 768w, https:\/\/maisonlome.com\/wp-content\/uploads\/2020\/11\/Etage-2-Toilettes-et-2-douches-modernes-externes-1-1536x1024.jpg 1536w, https:\/\/maisonlome.com\/wp-content\/uploads\/2020\/11\/Etage-2-Toilettes-et-2-douches-modernes-externes-1-2048x1365.jpg 2048w\" sizes=\"auto, (max-width: 300px) 100vw, 300px\" \/><\/p>\n<p><em>D&#8217;une grande salle, face aux chambres,<br \/>\n<\/em><\/p>\n<p><img loading=\"lazy\" decoding=\"async\" class=\"alignnone size-medium wp-image-149\" src=\"https:\/\/maisonlome.com\/wp-content\/uploads\/2020\/11\/Etage-Dalle-terrasse-et-bureau-300x200.jpg\" alt=\"\" width=\"300\" height=\"200\" srcset=\"https:\/\/maisonlome.com\/wp-content\/uploads\/2020\/11\/Etage-Dalle-terrasse-et-bureau-300x200.jpg 300w, https:\/\/maisonlome.com\/wp-content\/uploads\/2020\/11\/Etage-Dalle-terrasse-et-bureau-1024x683.jpg 1024w, https:\/\/maisonlome.com\/wp-content\/uploads\/2020\/11\/Etage-Dalle-terrasse-et-bureau-768x512.jpg 768w, https:\/\/maisonlome.com\/wp-content\/uploads\/2020\/11\/Etage-Dalle-terrasse-et-bureau-1536x1024.jpg 1536w, https:\/\/maisonlome.com\/wp-content\/uploads\/2020\/11\/Etage-Dalle-terrasse-et-bureau-2048x1365.jpg 2048w\" sizes=\"auto, (max-width: 300px) 100vw, 300px\" \/><\/p>\n<p><em><i>pouvant \u00eatre \u00e0 usage personnel (salon, lieu de repos&#8230;) ou professionnel (bureau, salle de r\u00e9unions&#8230;)<\/i><\/em><\/p>\n<p><img loading=\"lazy\" decoding=\"async\" class=\"alignnone size-medium wp-image-151\" src=\"https:\/\/maisonlome.com\/wp-content\/uploads\/2020\/11\/Etage-Salon-vue-1-300x200.jpeg\" alt=\"\" width=\"300\" height=\"200\" srcset=\"https:\/\/maisonlome.com\/wp-content\/uploads\/2020\/11\/Etage-Salon-vue-1-300x200.jpeg 300w, https:\/\/maisonlome.com\/wp-content\/uploads\/2020\/11\/Etage-Salon-vue-1-768x512.jpeg 768w, https:\/\/maisonlome.com\/wp-content\/uploads\/2020\/11\/Etage-Salon-vue-1.jpeg 1024w\" sizes=\"auto, (max-width: 300px) 100vw, 300px\" \/><\/p>\n","protected":false},"excerpt":{"rendered":"<p>L&#8217;\u00e9tage se compose de chambres avec toilette et douche int\u00e9rieures et ext\u00e9rieures (toilettes et douches modernes) D&#8217;une grande salle, face aux chambres, pouvant \u00eatre \u00e0 usage personnel (salon, lieu de&#8230;<\/p>\n","protected":false},"author":1,"featured_media":0,"parent":0,"menu_order":0,"comment_status":"closed","ping_status":"closed","template":"","meta":{"footnotes":""},"class_list":["post-94","page","type-page","status-publish","hentry"],"_links":{"self":[{"href":"https:\/\/maisonlome.com\/index.php\/wp-json\/wp\/v2\/pages\/94","targetHints":{"allow":["GET"]}}],"collection":[{"href":"https:\/\/maisonlome.com\/index.php\/wp-json\/wp\/v2\/pages"}],"about":[{"href":"https:\/\/maisonlome.com\/index.php\/wp-json\/wp\/v2\/types\/page"}],"author":[{"embeddable":true,"href":"https:\/\/maisonlome.com\/index.php\/wp-json\/wp\/v2\/users\/1"}],"replies":[{"embeddable":true,"href":"https:\/\/maisonlome.com\/index.php\/wp-json\/wp\/v2\/comments?post=94"}],"version-history":[{"count":11,"href":"https:\/\/maisonlome.com\/index.php\/wp-json\/wp\/v2\/pages\/94\/revisions"}],"predecessor-version":[{"id":173,"href":"https:\/\/maisonlome.com\/index.php\/wp-json\/wp\/v2\/pages\/94\/revisions\/173"}],"wp:attachment":[{"href":"https:\/\/maisonlome.com\/index.php\/wp-json\/wp\/v2\/media?parent=94"}],"curies":[{"name":"wp","href":"https:\/\/api.w.org\/{rel}","templated":true}]}}